{"id":2452,"date":"2025-01-10T12:06:29","date_gmt":"2025-01-10T17:06:29","guid":{"rendered":"https:\/\/pruebaswhisper.xyz\/lactalis-mx\/?page_id=2452"},"modified":"2025-02-17T17:55:15","modified_gmt":"2025-02-17T22:55:15","slug":"nuestro-compromiso","status":"publish","type":"page","link":"https:\/\/pruebaswhisper.xyz\/lactalis-mx\/nuestro-compromiso\/","title":{"rendered":"Nuestro Compromiso"},"content":{"rendered":"\t\t<div data-elementor-type=\"wp-page\" data-elementor-id=\"2452\" class=\"elementor elementor-2452\" data-elementor-post-type=\"page\">\n\t\t\t\t<div class=\"elementor-element elementor-element-37e7b22 e-flex e-con-boxed elementor-invisible e-con e-parent\" data-id=\"37e7b22\" data-element_type=\"container\" data-settings=\"{&quot;background_background&quot;:&quot;classic&quot;,&quot;animation&quot;:&quot;fadeInLeft&quot;}\">\n\t\t\t\t\t<div class=\"e-con-inner\">\n\t\t\t\t<div class=\"elementor-element elementor-element-f5633e6 elementor-widget elementor-widget-heading\" data-id=\"f5633e6\" data-element_type=\"widget\" data-widget_type=\"heading.default\">\n\t\t\t\t<div class=\"elementor-widget-container\">\n\t\t\t\t\t<h2 class=\"elementor-heading-title elementor-size-default\">Nuestro Compromiso<\/h2>\t\t\t\t<\/div>\n\t\t\t\t<\/div>\n\t\t\t\t\t<\/div>\n\t\t\t\t<\/div>\n\t\t<div class=\"elementor-element elementor-element-39197c6 e-con-full e-flex e-con e-parent\" data-id=\"39197c6\" data-element_type=\"container\" id=\"experiencia\" data-settings=\"{&quot;background_background&quot;:&quot;classic&quot;}\">\n\t\t<div class=\"elementor-element elementor-element-cd6537d e-con-full e-flex elementor-invisible e-con e-child\" data-id=\"cd6537d\" data-element_type=\"container\" data-settings=\"{&quot;background_background&quot;:&quot;classic&quot;,&quot;animation&quot;:&quot;fadeInLeft&quot;}\">\n\t\t\t\t<\/div>\n\t\t<div class=\"elementor-element elementor-element-ec1ef9d e-con-full e-flex e-con e-child\" data-id=\"ec1ef9d\" data-element_type=\"container\">\n\t\t\t\t<div class=\"elementor-element elementor-element-30bda4c elementor-invisible elementor-widget elementor-widget-heading\" data-id=\"30bda4c\" data-element_type=\"widget\" data-settings=\"{&quot;_animation&quot;:&quot;fadeIn&quot;}\" data-widget_type=\"heading.default\">\n\t\t\t\t<div class=\"elementor-widget-container\">\n\t\t\t\t\t<h2 class=\"elementor-heading-title elementor-size-default\">EXPERIENCIA<\/h2>\t\t\t\t<\/div>\n\t\t\t\t<\/div>\n\t\t\t\t<div class=\"elementor-element elementor-element-3861db5 elementor-widget__width-initial elementor-invisible elementor-widget elementor-widget-text-editor\" data-id=\"3861db5\" data-element_type=\"widget\" data-settings=\"{&quot;_animation&quot;:&quot;fadeIn&quot;}\" data-widget_type=\"text-editor.default\">\n\t\t\t\t<div class=\"elementor-widget-container\">\n\t\t\t\t\t\t\t\t\t<p>Ser parte de la <strong>#ExperienciaLactalis<\/strong> es vivir una HISTORIA \u00fanica de profundas ra\u00edces en la industria l\u00e1ctea a nivel mundial, es compartir una PASI\u00d3N por lo que hacemos cada d\u00eda, por nuestras marcas y ofrecer lo mejor de la leche a nuestros clientes y consumidores a trav\u00e9s de nuestra EXPERIENCIA que nos destaca del resto.<\/p>\t\t\t\t\t\t\t\t<\/div>\n\t\t\t\t<\/div>\n\t\t<div class=\"elementor-element elementor-element-265118e e-con-full e-flex elementor-invisible e-con e-child\" data-id=\"265118e\" data-element_type=\"container\" data-settings=\"{&quot;background_background&quot;:&quot;classic&quot;,&quot;animation&quot;:&quot;fadeInUp&quot;}\">\n\t\t\t\t<div class=\"elementor-element elementor-element-54961fe elementor-widget elementor-widget-heading\" data-id=\"54961fe\" data-element_type=\"widget\" data-widget_type=\"heading.default\">\n\t\t\t\t<div class=\"elementor-widget-container\">\n\t\t\t\t\t<h2 class=\"elementor-heading-title elementor-size-default\">Te invitamos a unirte a nosotros para vivir la  <strong>#ExperienciaLactalis<\/strong> <\/h2>\t\t\t\t<\/div>\n\t\t\t\t<\/div>\n\t\t\t\t<div class=\"elementor-element elementor-element-fead93f elementor-widget elementor-widget-button\" data-id=\"fead93f\" data-element_type=\"widget\" data-widget_type=\"button.default\">\n\t\t\t\t<div class=\"elementor-widget-container\">\n\t\t\t\t\t\t\t\t\t<div class=\"elementor-button-wrapper\">\n\t\t\t\t\t<a class=\"elementor-button elementor-button-link elementor-size-sm elementor-animation-grow\" href=\"https:\/\/pruebaswhisper.xyz\/lactalis-mx\/experiencia\/\">\n\t\t\t\t\t\t<span class=\"elementor-button-content-wrapper\">\n\t\t\t\t\t\t\t\t\t<span class=\"elementor-button-text\">VER M\u00c1S<\/span>\n\t\t\t\t\t<\/span>\n\t\t\t\t\t<\/a>\n\t\t\t\t<\/div>\n\t\t\t\t\t\t\t\t<\/div>\n\t\t\t\t<\/div>\n\t\t\t\t<\/div>\n\t\t\t\t<\/div>\n\t\t\t\t<\/div>\n\t\t<div class=\"elementor-element elementor-element-d5e63c4 e-con-full e-flex e-con e-parent\" data-id=\"d5e63c4\" data-element_type=\"container\" id=\"rse\" data-settings=\"{&quot;background_background&quot;:&quot;classic&quot;}\">\n\t\t<div class=\"elementor-element elementor-element-0a53b1e e-con-full e-flex e-con e-child\" data-id=\"0a53b1e\" data-element_type=\"container\">\n\t\t\t\t<div class=\"elementor-element elementor-element-004d075 elementor-invisible elementor-widget elementor-widget-heading\" data-id=\"004d075\" data-element_type=\"widget\" data-settings=\"{&quot;_animation&quot;:&quot;fadeIn&quot;}\" data-widget_type=\"heading.default\">\n\t\t\t\t<div class=\"elementor-widget-container\">\n\t\t\t\t\t<h2 class=\"elementor-heading-title elementor-size-default\">RSE<\/h2>\t\t\t\t<\/div>\n\t\t\t\t<\/div>\n\t\t\t\t<div class=\"elementor-element elementor-element-fe50d15 elementor-widget__width-initial elementor-invisible elementor-widget elementor-widget-text-editor\" data-id=\"fe50d15\" data-element_type=\"widget\" data-settings=\"{&quot;_animation&quot;:&quot;fadeIn&quot;}\" data-widget_type=\"text-editor.default\">\n\t\t\t\t<div class=\"elementor-widget-container\">\n\t\t\t\t\t\t\t\t\t<p>La estrategia de <strong>RSE del Grupo Lactalis<\/strong> forma parte de nuestro crecimiento rentable y responsable. La creaci\u00f3n de valor para la empresa y sus grupos de inter\u00e9s son el n\u00facleo de este proyecto, que debe apoyar la necesaria transici\u00f3n de los sistemas de producci\u00f3n y distribuci\u00f3n.<\/p>\t\t\t\t\t\t\t\t<\/div>\n\t\t\t\t<\/div>\n\t\t<div class=\"elementor-element elementor-element-52fbf14 e-con-full e-flex elementor-invisible e-con e-child\" data-id=\"52fbf14\" data-element_type=\"container\" data-settings=\"{&quot;background_background&quot;:&quot;classic&quot;,&quot;animation&quot;:&quot;fadeInUp&quot;}\">\n\t\t\t\t<div class=\"elementor-element elementor-element-fde041f elementor-widget elementor-widget-heading\" data-id=\"fde041f\" data-element_type=\"widget\" data-widget_type=\"heading.default\">\n\t\t\t\t<div class=\"elementor-widget-container\">\n\t\t\t\t\t<h2 class=\"elementor-heading-title elementor-size-default\">Conoce los <strong>TRES PRINCIPALES PILARES<\/strong> de nuestra estrategia<\/h2>\t\t\t\t<\/div>\n\t\t\t\t<\/div>\n\t\t\t\t<div class=\"elementor-element elementor-element-09fd98b elementor-widget elementor-widget-button\" data-id=\"09fd98b\" data-element_type=\"widget\" data-widget_type=\"button.default\">\n\t\t\t\t<div class=\"elementor-widget-container\">\n\t\t\t\t\t\t\t\t\t<div class=\"elementor-button-wrapper\">\n\t\t\t\t\t<a class=\"elementor-button elementor-button-link elementor-size-sm elementor-animation-grow\" href=\"https:\/\/pruebaswhisper.xyz\/lactalis-mx\/rse\/\">\n\t\t\t\t\t\t<span class=\"elementor-button-content-wrapper\">\n\t\t\t\t\t\t\t\t\t<span class=\"elementor-button-text\">VER M\u00c1S<\/span>\n\t\t\t\t\t<\/span>\n\t\t\t\t\t<\/a>\n\t\t\t\t<\/div>\n\t\t\t\t\t\t\t\t<\/div>\n\t\t\t\t<\/div>\n\t\t\t\t<\/div>\n\t\t\t\t<\/div>\n\t\t<div class=\"elementor-element elementor-element-00e563e e-con-full animated-slow e-flex elementor-invisible e-con e-child\" data-id=\"00e563e\" data-element_type=\"container\" data-settings=\"{&quot;background_background&quot;:&quot;classic&quot;,&quot;animation&quot;:&quot;fadeInRight&quot;}\">\n\t\t\t\t<\/div>\n\t\t\t\t<\/div>\n\t\t<div class=\"elementor-element elementor-element-33a3908 e-con-full e-flex e-con e-parent\" data-id=\"33a3908\" data-element_type=\"container\" id=\"bienestar-animal\" data-settings=\"{&quot;background_background&quot;:&quot;classic&quot;}\">\n\t\t<div class=\"elementor-element elementor-element-354130e e-con-full e-flex elementor-invisible e-con e-child\" data-id=\"354130e\" data-element_type=\"container\" data-settings=\"{&quot;background_background&quot;:&quot;classic&quot;,&quot;animation&quot;:&quot;fadeInLeft&quot;}\">\n\t\t\t\t<\/div>\n\t\t<div class=\"elementor-element elementor-element-3fbe50c e-con-full e-flex e-con e-child\" data-id=\"3fbe50c\" data-element_type=\"container\">\n\t\t\t\t<div class=\"elementor-element elementor-element-93012b7 elementor-invisible elementor-widget elementor-widget-heading\" data-id=\"93012b7\" data-element_type=\"widget\" data-settings=\"{&quot;_animation&quot;:&quot;fadeIn&quot;}\" data-widget_type=\"heading.default\">\n\t\t\t\t<div class=\"elementor-widget-container\">\n\t\t\t\t\t<h2 class=\"elementor-heading-title elementor-size-default\">BIENESTAR ANIMAL<\/h2>\t\t\t\t<\/div>\n\t\t\t\t<\/div>\n\t\t\t\t<div class=\"elementor-element elementor-element-ec3096e elementor-widget__width-initial elementor-invisible elementor-widget elementor-widget-text-editor\" data-id=\"ec3096e\" data-element_type=\"widget\" data-settings=\"{&quot;_animation&quot;:&quot;fadeIn&quot;}\" data-widget_type=\"text-editor.default\">\n\t\t\t\t<div class=\"elementor-widget-container\">\n\t\t\t\t\t\t\t\t\t<p>Como l\u00edder en la producci\u00f3n de productos l\u00e1cteos, Lactalis desempe\u00f1a un papel importante para garantizar que las vacas productoras de leche de la industria sean tratadas con los <strong>m\u00e1s altos est\u00e1ndares de salud y cr\u00eda<\/strong>. En colaboraci\u00f3n con los productores l\u00e1cteos y las principales partes interesadas, Lactalis se compromete a garantizar que nuestros productos se elaboran con leche producida en granjas donde se aplican y observan las mejores pr\u00e1cticas de bienestar animal.<\/p>\t\t\t\t\t\t\t\t<\/div>\n\t\t\t\t<\/div>\n\t\t\t\t<div class=\"elementor-element elementor-element-c2c6bdc elementor-align-center elementor-widget elementor-widget-button\" data-id=\"c2c6bdc\" data-element_type=\"widget\" data-widget_type=\"button.default\">\n\t\t\t\t<div class=\"elementor-widget-container\">\n\t\t\t\t\t\t\t\t\t<div class=\"elementor-button-wrapper\">\n\t\t\t\t\t<a class=\"elementor-button elementor-button-link elementor-size-sm elementor-animation-grow\" href=\"https:\/\/pruebaswhisper.xyz\/lactalis-mx\/bienestar-animal\/\">\n\t\t\t\t\t\t<span class=\"elementor-button-content-wrapper\">\n\t\t\t\t\t\t\t\t\t<span class=\"elementor-button-text\">VER M\u00c1S<\/span>\n\t\t\t\t\t<\/span>\n\t\t\t\t\t<\/a>\n\t\t\t\t<\/div>\n\t\t\t\t\t\t\t\t<\/div>\n\t\t\t\t<\/div>\n\t\t\t\t<\/div>\n\t\t\t\t<\/div>\n\t\t<div class=\"elementor-element elementor-element-ac20d04 e-con-full e-flex e-con e-parent\" data-id=\"ac20d04\" data-element_type=\"container\" id=\"dei\" data-settings=\"{&quot;background_background&quot;:&quot;classic&quot;}\">\n\t\t<div class=\"elementor-element elementor-element-5c0f7ab e-con-full e-flex e-con e-child\" data-id=\"5c0f7ab\" data-element_type=\"container\">\n\t\t\t\t<div class=\"elementor-element elementor-element-99685ea elementor-invisible elementor-widget elementor-widget-heading\" data-id=\"99685ea\" data-element_type=\"widget\" data-settings=\"{&quot;_animation&quot;:&quot;fadeIn&quot;}\" data-widget_type=\"heading.default\">\n\t\t\t\t<div class=\"elementor-widget-container\">\n\t\t\t\t\t<h2 class=\"elementor-heading-title elementor-size-default\">DEI<\/h2>\t\t\t\t<\/div>\n\t\t\t\t<\/div>\n\t\t\t\t<div class=\"elementor-element elementor-element-ddf5212 elementor-widget__width-initial elementor-invisible elementor-widget elementor-widget-text-editor\" data-id=\"ddf5212\" data-element_type=\"widget\" data-settings=\"{&quot;_animation&quot;:&quot;fadeIn&quot;}\" data-widget_type=\"text-editor.default\">\n\t\t\t\t<div class=\"elementor-widget-container\">\n\t\t\t\t\t\t\t\t\t<p>La diversidad de perfiles y competencias de nuestros empleados es vital para nuestro \u00e9xito y nuestro crecimiento, y ha demostrado ser un activo para ayudar a nuestro Grupo en la transici\u00f3n hacia modelos de producci\u00f3n m\u00e1s sostenibles. Nuestra Pol\u00edtica de Diversidad, Equidad e Inclusi\u00f3n pretende plasmar formalmente nuestros compromisos y establecer los principios y medidas que nos permitan ofrecer a nuestros empleados un entorno de trabajo inclusivo y equitativo.<\/p>\t\t\t\t\t\t\t\t<\/div>\n\t\t\t\t<\/div>\n\t\t<div class=\"elementor-element elementor-element-39acac0 e-con-full e-flex elementor-invisible e-con e-child\" data-id=\"39acac0\" data-element_type=\"container\" data-settings=\"{&quot;background_background&quot;:&quot;classic&quot;,&quot;animation&quot;:&quot;fadeInUp&quot;}\">\n\t\t\t\t<div class=\"elementor-element elementor-element-cb6f1a2 elementor-widget elementor-widget-heading\" data-id=\"cb6f1a2\" data-element_type=\"widget\" data-widget_type=\"heading.default\">\n\t\t\t\t<div class=\"elementor-widget-container\">\n\t\t\t\t\t<h2 class=\"elementor-heading-title elementor-size-default\">Conoce los <strong>DOS PILARES<\/strong> de nuestra pol\u00edtica de DEI<\/h2>\t\t\t\t<\/div>\n\t\t\t\t<\/div>\n\t\t\t\t<div class=\"elementor-element elementor-element-8eac0c2 elementor-widget elementor-widget-button\" data-id=\"8eac0c2\" data-element_type=\"widget\" data-widget_type=\"button.default\">\n\t\t\t\t<div class=\"elementor-widget-container\">\n\t\t\t\t\t\t\t\t\t<div class=\"elementor-button-wrapper\">\n\t\t\t\t\t<a class=\"elementor-button elementor-button-link elementor-size-sm elementor-animation-grow\" href=\"https:\/\/pruebaswhisper.xyz\/lactalis-mx\/dei\/\">\n\t\t\t\t\t\t<span class=\"elementor-button-content-wrapper\">\n\t\t\t\t\t\t\t\t\t<span class=\"elementor-button-text\">VER M\u00c1S<\/span>\n\t\t\t\t\t<\/span>\n\t\t\t\t\t<\/a>\n\t\t\t\t<\/div>\n\t\t\t\t\t\t\t\t<\/div>\n\t\t\t\t<\/div>\n\t\t\t\t<\/div>\n\t\t\t\t<\/div>\n\t\t<div class=\"elementor-element elementor-element-d4ea461 e-con-full animated-slow e-flex elementor-invisible e-con e-child\" data-id=\"d4ea461\" data-element_type=\"container\" data-settings=\"{&quot;animation&quot;:&quot;fadeInRight&quot;}\">\n\t\t\t\t<div class=\"elementor-element elementor-element-3d70bd7 elementor-widget elementor-widget-image\" data-id=\"3d70bd7\" data-element_type=\"widget\" data-widget_type=\"image.default\">\n\t\t\t\t<div class=\"elementor-widget-container\">\n\t\t\t\t\t\t\t\t\t\t\t\t\t\t\t<img fetchpriority=\"high\" decoding=\"async\" width=\"1600\" height=\"765\" src=\"https:\/\/pruebaswhisper.xyz\/lactalis-mx\/wp-content\/uploads\/2025\/02\/DEI.webp\" class=\"attachment-full size-full wp-image-3261\" alt=\"\" srcset=\"https:\/\/pruebaswhisper.xyz\/lactalis-mx\/wp-content\/uploads\/2025\/02\/DEI.webp 1600w, https:\/\/pruebaswhisper.xyz\/lactalis-mx\/wp-content\/uploads\/2025\/02\/DEI-300x143.webp 300w, https:\/\/pruebaswhisper.xyz\/lactalis-mx\/wp-content\/uploads\/2025\/02\/DEI-1024x490.webp 1024w, https:\/\/pruebaswhisper.xyz\/lactalis-mx\/wp-content\/uploads\/2025\/02\/DEI-768x367.webp 768w, https:\/\/pruebaswhisper.xyz\/lactalis-mx\/wp-content\/uploads\/2025\/02\/DEI-1536x734.webp 1536w, https:\/\/pruebaswhisper.xyz\/lactalis-mx\/wp-content\/uploads\/2025\/02\/DEI-600x287.webp 600w\" sizes=\"(max-width: 1600px) 100vw, 1600px\" \/>\t\t\t\t\t\t\t\t\t\t\t\t\t\t\t<\/div>\n\t\t\t\t<\/div>\n\t\t\t\t<\/div>\n\t\t\t\t<\/div>\n\t\t<div class=\"elementor-element elementor-element-04c2655 e-con-full e-flex e-con e-parent\" data-id=\"04c2655\" data-element_type=\"container\" id=\"codigo-etica\" data-settings=\"{&quot;background_background&quot;:&quot;classic&quot;}\">\n\t\t<div class=\"elementor-element elementor-element-195ba59 e-con-full e-flex elementor-invisible e-con e-child\" data-id=\"195ba59\" data-element_type=\"container\" data-settings=\"{&quot;background_background&quot;:&quot;classic&quot;,&quot;animation&quot;:&quot;fadeInLeft&quot;}\">\n\t\t\t\t<\/div>\n\t\t<div class=\"elementor-element elementor-element-4520a47 e-con-full e-flex e-con e-child\" data-id=\"4520a47\" data-element_type=\"container\">\n\t\t\t\t<div class=\"elementor-element elementor-element-dbc0465 elementor-invisible elementor-widget elementor-widget-heading\" data-id=\"dbc0465\" data-element_type=\"widget\" data-settings=\"{&quot;_animation&quot;:&quot;fadeIn&quot;}\" data-widget_type=\"heading.default\">\n\t\t\t\t<div class=\"elementor-widget-container\">\n\t\t\t\t\t<h2 class=\"elementor-heading-title elementor-size-default\">C\u00d3DIGO DE \u00c9TICA<\/h2>\t\t\t\t<\/div>\n\t\t\t\t<\/div>\n\t\t\t\t<div class=\"elementor-element elementor-element-54e2310 elementor-widget__width-initial elementor-invisible elementor-widget elementor-widget-text-editor\" data-id=\"54e2310\" data-element_type=\"widget\" data-settings=\"{&quot;_animation&quot;:&quot;fadeIn&quot;}\" data-widget_type=\"text-editor.default\">\n\t\t\t\t<div class=\"elementor-widget-container\">\n\t\t\t\t\t\t\t\t\t<p>Nuestro C\u00f3digo de \u00c9tica permite identificar aquellos comportamientos que no corresponden a los valores e intereses de nuestra compa\u00f1\u00eda.<\/p><p>A trav\u00e9s de este c\u00f3digo podemos dar a conocer con claridad los principios, as\u00ed como el comportamiento esperado de cada uno de los colaboradores, proveedores y clientes relacionados con Lactalis M\u00e9xico.<\/p><p>Tambi\u00e9n nos brinda la oportunidad de comunicarnos con nuestra gente estableciendo medios digitales, electr\u00f3nicos y f\u00edsicos para poder sugerir mejoras en nuestro trabajo, as\u00ed como para denunciar alg\u00fan comportamiento que no est\u00e9 alineado a nuestra cultura, pol\u00edticas, filosof\u00eda y modelo de liderazgo.<\/p>\t\t\t\t\t\t\t\t<\/div>\n\t\t\t\t<\/div>\n\t\t<div class=\"elementor-element elementor-element-4569656 e-con-full e-flex elementor-invisible e-con e-child\" data-id=\"4569656\" data-element_type=\"container\" data-settings=\"{&quot;background_background&quot;:&quot;classic&quot;,&quot;animation&quot;:&quot;fadeInUp&quot;}\">\n\t\t\t\t<div class=\"elementor-element elementor-element-70f9778 elementor-widget elementor-widget-heading\" data-id=\"70f9778\" data-element_type=\"widget\" data-widget_type=\"heading.default\">\n\t\t\t\t<div class=\"elementor-widget-container\">\n\t\t\t\t\t<h2 class=\"elementor-heading-title elementor-size-default\">Te invitamos a que conozcas los<strong> diez comportamientos <\/strong> que rigen nuestro C\u00f3digo de \u00c9tica, as\u00ed como nuestras l\u00edneas de denuncia para seguir haciendo de Lactalis M\u00e9xico una compa\u00f1\u00eda fuerte y comprometida con nuestra gente, clientes, consumidores y partes interesadas.<\/h2>\t\t\t\t<\/div>\n\t\t\t\t<\/div>\n\t\t\t\t<div class=\"elementor-element elementor-element-d99b1f4 elementor-widget elementor-widget-button\" data-id=\"d99b1f4\" data-element_type=\"widget\" data-widget_type=\"button.default\">\n\t\t\t\t<div class=\"elementor-widget-container\">\n\t\t\t\t\t\t\t\t\t<div class=\"elementor-button-wrapper\">\n\t\t\t\t\t<a class=\"elementor-button elementor-button-link elementor-size-sm elementor-animation-grow\" href=\"https:\/\/pruebaswhisper.xyz\/lactalis-mx\/wp-content\/uploads\/2025\/02\/Codigo-Etica-Lactalis-Mexico-2025.pdf\" target=\"_blank\" rel=\"nofollow\">\n\t\t\t\t\t\t<span class=\"elementor-button-content-wrapper\">\n\t\t\t\t\t\t\t\t\t<span class=\"elementor-button-text\">VER M\u00c1S<\/span>\n\t\t\t\t\t<\/span>\n\t\t\t\t\t<\/a>\n\t\t\t\t<\/div>\n\t\t\t\t\t\t\t\t<\/div>\n\t\t\t\t<\/div>\n\t\t\t\t<\/div>\n\t\t\t\t<\/div>\n\t\t\t\t<\/div>\n\t\t<div class=\"elementor-element elementor-element-37b38b7 e-con-full e-flex e-con e-parent\" data-id=\"37b38b7\" data-element_type=\"container\" id=\"formacion\" data-settings=\"{&quot;background_background&quot;:&quot;classic&quot;}\">\n\t\t<div class=\"elementor-element elementor-element-db74ac2 e-con-full e-flex e-con e-child\" data-id=\"db74ac2\" data-element_type=\"container\">\n\t\t\t\t<div class=\"elementor-element elementor-element-e3156b3 elementor-invisible elementor-widget elementor-widget-heading\" data-id=\"e3156b3\" data-element_type=\"widget\" data-settings=\"{&quot;_animation&quot;:&quot;fadeIn&quot;}\" data-widget_type=\"heading.default\">\n\t\t\t\t<div class=\"elementor-widget-container\">\n\t\t\t\t\t<h2 class=\"elementor-heading-title elementor-size-default\">FORMACI\u00d3N<\/h2>\t\t\t\t<\/div>\n\t\t\t\t<\/div>\n\t\t\t\t<div class=\"elementor-element elementor-element-183edb7 elementor-widget__width-initial elementor-invisible elementor-widget elementor-widget-text-editor\" data-id=\"183edb7\" data-element_type=\"widget\" data-settings=\"{&quot;_animation&quot;:&quot;fadeIn&quot;}\" data-widget_type=\"text-editor.default\">\n\t\t\t\t<div class=\"elementor-widget-container\">\n\t\t\t\t\t\t\t\t\t<p>La diversidad de perfiles y competencias de nuestros empleados es vital para nuestro \u00e9xito y nuestro crecimiento, y ha demostrado ser un activo para ayudar a nuestro Grupo en la transici\u00f3n hacia modelos de producci\u00f3n m\u00e1s sostenibles. Nuestra Pol\u00edtica de Diversidad, Equidad e Inclusi\u00f3n pretende plasmar formalmente nuestros compromisos y establecer los principios y medidas que nos permitan ofrecer a nuestros empleados un entorno de trabajo inclusivo y equitativo.<\/p>\t\t\t\t\t\t\t\t<\/div>\n\t\t\t\t<\/div>\n\t\t<div class=\"elementor-element elementor-element-57daeef e-con-full e-flex elementor-invisible e-con e-child\" data-id=\"57daeef\" data-element_type=\"container\" data-settings=\"{&quot;background_background&quot;:&quot;classic&quot;,&quot;animation&quot;:&quot;fadeInUp&quot;}\">\n\t\t\t\t<div class=\"elementor-element elementor-element-f190a0b elementor-widget elementor-widget-heading\" data-id=\"f190a0b\" data-element_type=\"widget\" data-widget_type=\"heading.default\">\n\t\t\t\t<div class=\"elementor-widget-container\">\n\t\t\t\t\t<h2 class=\"elementor-heading-title elementor-size-default\">Conoce nuestros <strong>INDICADORES<\/strong> de formaci\u00f3n para este a\u00f1o 2025<\/h2>\t\t\t\t<\/div>\n\t\t\t\t<\/div>\n\t\t\t\t<div class=\"elementor-element elementor-element-1fea862 elementor-widget elementor-widget-button\" data-id=\"1fea862\" data-element_type=\"widget\" data-widget_type=\"button.default\">\n\t\t\t\t<div class=\"elementor-widget-container\">\n\t\t\t\t\t\t\t\t\t<div class=\"elementor-button-wrapper\">\n\t\t\t\t\t<a class=\"elementor-button elementor-button-link elementor-size-sm elementor-animation-grow\" href=\"https:\/\/pruebaswhisper.xyz\/lactalis-mx\/formacion\/\">\n\t\t\t\t\t\t<span class=\"elementor-button-content-wrapper\">\n\t\t\t\t\t\t\t\t\t<span class=\"elementor-button-text\">VER M\u00c1S<\/span>\n\t\t\t\t\t<\/span>\n\t\t\t\t\t<\/a>\n\t\t\t\t<\/div>\n\t\t\t\t\t\t\t\t<\/div>\n\t\t\t\t<\/div>\n\t\t\t\t<\/div>\n\t\t\t\t<\/div>\n\t\t<div class=\"elementor-element elementor-element-9279d01 e-con-full animated-slow e-flex elementor-invisible e-con e-child\" data-id=\"9279d01\" data-element_type=\"container\" data-settings=\"{&quot;background_background&quot;:&quot;classic&quot;,&quot;animation&quot;:&quot;fadeInRight&quot;}\">\n\t\t\t\t<\/div>\n\t\t\t\t<\/div>\n\t\t\t\t<\/div>\n\t\t","protected":false},"excerpt":{"rendered":"<p>Nuestro Compromiso EXPERIENCIA Ser parte de la #ExperienciaLactalis es vivir una HISTORIA \u00fanica de profundas ra\u00edces en la industria l\u00e1ctea a nivel mundial, es compartir una PASI\u00d3N por lo que hacemos cada d\u00eda, por nuestras marcas y ofrecer lo mejor de la leche a nuestros clientes y consumidores a trav\u00e9s de nuestra EXPERIENCIA que nos [&hellip;]<\/p>\n","protected":false},"author":1,"featured_media":0,"parent":0,"menu_order":0,"comment_status":"closed","ping_status":"closed","template":"","meta":{"_acf_changed":false,"footnotes":""},"class_list":["post-2452","page","type-page","status-publish","hentry"],"acf":[],"_links":{"self":[{"href":"https:\/\/pruebaswhisper.xyz\/lactalis-mx\/wp-json\/wp\/v2\/pages\/2452","targetHints":{"allow":["GET"]}}],"collection":[{"href":"https:\/\/pruebaswhisper.xyz\/lactalis-mx\/wp-json\/wp\/v2\/pages"}],"about":[{"href":"https:\/\/pruebaswhisper.xyz\/lactalis-mx\/wp-json\/wp\/v2\/types\/page"}],"author":[{"embeddable":true,"href":"https:\/\/pruebaswhisper.xyz\/lactalis-mx\/wp-json\/wp\/v2\/users\/1"}],"replies":[{"embeddable":true,"href":"https:\/\/pruebaswhisper.xyz\/lactalis-mx\/wp-json\/wp\/v2\/comments?post=2452"}],"version-history":[{"count":157,"href":"https:\/\/pruebaswhisper.xyz\/lactalis-mx\/wp-json\/wp\/v2\/pages\/2452\/revisions"}],"predecessor-version":[{"id":3440,"href":"https:\/\/pruebaswhisper.xyz\/lactalis-mx\/wp-json\/wp\/v2\/pages\/2452\/revisions\/3440"}],"wp:attachment":[{"href":"https:\/\/pruebaswhisper.xyz\/lactalis-mx\/wp-json\/wp\/v2\/media?parent=2452"}],"curies":[{"name":"wp","href":"https:\/\/api.w.org\/{rel}","templated":true}]}}