{"id":1082,"date":"2024-10-15T11:43:49","date_gmt":"2024-10-15T16:43:49","guid":{"rendered":"https:\/\/pruebaswhisper.xyz\/lactalis-mx\/?post_type=product&#038;p=1082"},"modified":"2024-12-09T10:14:12","modified_gmt":"2024-12-09T15:14:12","slug":"singles-americano-kraft","status":"publish","type":"product","link":"https:\/\/pruebaswhisper.xyz\/lactalis-mx\/producto\/singles-americano-kraft\/","title":{"rendered":"Singles Americano Kraft"},"content":{"rendered":"<p>Queso tipo americano KRAFT\u00ae. Es un queso procesado obtenido del fundido de una mezcla de quesos. Es liso homog\u00e9neo y de textura firme, color amarillo con notas naranjas y baja acidez. Esta hecho bajo el proceso de formaci\u00f3n de rebanadas individuales (IWS) de 18.0 g c\/rebanada. Para obtener un producto practico de excelente sabor y propiedades de fundido.<\/p>\n<p>&nbsp;<\/p>\n<p>Gramaje: 144g, 288g &amp; 864g<\/p>\n<p>&nbsp;<\/p>\n","protected":false},"excerpt":{"rendered":"<p>La aventura inicia en 1903, en la ciudad de Chicago, E.U. con James Kraft qui\u00e9n inicia su negocio de quesos. James fue el creador y el primero en patentar los quesos procesados en 1916. La expansi\u00f3n de su negocio se dio en la Primera Guerra Mundial a ra\u00edz de vender el queso procesado en latas al ej\u00e9rcito americano, de ah\u00ed la denominaci\u00f3n \u201cqueso americano\u201d.<\/p>\n","protected":false},"featured_media":1085,"comment_status":"open","ping_status":"closed","template":"","meta":{"_acf_changed":false},"product_brand":[],"product_cat":[26],"product_tag":[],"class_list":{"0":"post-1082","1":"product","2":"type-product","3":"status-publish","4":"has-post-thumbnail","6":"product_cat-kraft","8":"first","9":"instock","10":"shipping-taxable","11":"product-type-simple"},"acf":[],"_links":{"self":[{"href":"https:\/\/pruebaswhisper.xyz\/lactalis-mx\/wp-json\/wp\/v2\/product\/1082","targetHints":{"allow":["GET"]}}],"collection":[{"href":"https:\/\/pruebaswhisper.xyz\/lactalis-mx\/wp-json\/wp\/v2\/product"}],"about":[{"href":"https:\/\/pruebaswhisper.xyz\/lactalis-mx\/wp-json\/wp\/v2\/types\/product"}],"replies":[{"embeddable":true,"href":"https:\/\/pruebaswhisper.xyz\/lactalis-mx\/wp-json\/wp\/v2\/comments?post=1082"}],"wp:featuredmedia":[{"embeddable":true,"href":"https:\/\/pruebaswhisper.xyz\/lactalis-mx\/wp-json\/wp\/v2\/media\/1085"}],"wp:attachment":[{"href":"https:\/\/pruebaswhisper.xyz\/lactalis-mx\/wp-json\/wp\/v2\/media?parent=1082"}],"wp:term":[{"taxonomy":"product_brand","embeddable":true,"href":"https:\/\/pruebaswhisper.xyz\/lactalis-mx\/wp-json\/wp\/v2\/product_brand?post=1082"},{"taxonomy":"product_cat","embeddable":true,"href":"https:\/\/pruebaswhisper.xyz\/lactalis-mx\/wp-json\/wp\/v2\/product_cat?post=1082"},{"taxonomy":"product_tag","embeddable":true,"href":"https:\/\/pruebaswhisper.xyz\/lactalis-mx\/wp-json\/wp\/v2\/product_tag?post=1082"}],"curies":[{"name":"wp","href":"https:\/\/api.w.org\/{rel}","templated":true}]}}