{"id":1101,"date":"2024-10-15T11:54:23","date_gmt":"2024-10-15T16:54:23","guid":{"rendered":"https:\/\/pruebaswhisper.xyz\/lactalis-mx\/?post_type=product&#038;p=1101"},"modified":"2024-12-09T10:12:38","modified_gmt":"2024-12-09T15:12:38","slug":"natural-cheese-mild-cheddar-barra-block","status":"publish","type":"product","link":"https:\/\/pruebaswhisper.xyz\/lactalis-mx\/producto\/natural-cheese-mild-cheddar-barra-block\/","title":{"rendered":"Natural Cheese Mild Cheddar Barra \/ Block"},"content":{"rendered":"<p>El Queso Cheddar KRAFT\u00ae. Es un queso suave en barra, de color amarillento de sabor fuerte y excelentes propiedades de gratinado y fundido. Su presentaci\u00f3n es barra, en empaque bolsa laminada impresa con un contenido neto de 226 g.<\/p>\n<p class=\"p1\">\n","protected":false},"excerpt":{"rendered":"<p>En el valle de Cheddar, Inglaterra, naci\u00f3 en el siglo XII uno de los quesos m\u00e1s conocidos y exquisitos del mundo, el cheddar.<span class=\"Apple-converted-space\">\u00a0 <\/span>Este queso se derrite muy f\u00e1cilmente, lo que hace que el cheddar en lonchas sea un excelente complemento para s\u00e1ndwiches y hamburguesas . Adem\u00e1s, el cheddar rallado funciona bien derretido en alimentos como macarrones con queso y papas al horno.<\/p>\n","protected":false},"featured_media":1566,"comment_status":"open","ping_status":"closed","template":"","meta":{"_acf_changed":false},"product_brand":[],"product_cat":[26],"product_tag":[],"class_list":{"0":"post-1101","1":"product","2":"type-product","3":"status-publish","4":"has-post-thumbnail","6":"product_cat-kraft","8":"first","9":"instock","10":"shipping-taxable","11":"product-type-simple"},"acf":[],"_links":{"self":[{"href":"https:\/\/pruebaswhisper.xyz\/lactalis-mx\/wp-json\/wp\/v2\/product\/1101","targetHints":{"allow":["GET"]}}],"collection":[{"href":"https:\/\/pruebaswhisper.xyz\/lactalis-mx\/wp-json\/wp\/v2\/product"}],"about":[{"href":"https:\/\/pruebaswhisper.xyz\/lactalis-mx\/wp-json\/wp\/v2\/types\/product"}],"replies":[{"embeddable":true,"href":"https:\/\/pruebaswhisper.xyz\/lactalis-mx\/wp-json\/wp\/v2\/comments?post=1101"}],"wp:featuredmedia":[{"embeddable":true,"href":"https:\/\/pruebaswhisper.xyz\/lactalis-mx\/wp-json\/wp\/v2\/media\/1566"}],"wp:attachment":[{"href":"https:\/\/pruebaswhisper.xyz\/lactalis-mx\/wp-json\/wp\/v2\/media?parent=1101"}],"wp:term":[{"taxonomy":"product_brand","embeddable":true,"href":"https:\/\/pruebaswhisper.xyz\/lactalis-mx\/wp-json\/wp\/v2\/product_brand?post=1101"},{"taxonomy":"product_cat","embeddable":true,"href":"https:\/\/pruebaswhisper.xyz\/lactalis-mx\/wp-json\/wp\/v2\/product_cat?post=1101"},{"taxonomy":"product_tag","embeddable":true,"href":"https:\/\/pruebaswhisper.xyz\/lactalis-mx\/wp-json\/wp\/v2\/product_tag?post=1101"}],"curies":[{"name":"wp","href":"https:\/\/api.w.org\/{rel}","templated":true}]}}