{"id":5166,"date":"2024-03-18T12:05:46","date_gmt":"2024-03-18T17:05:46","guid":{"rendered":"https:\/\/pruebaswhisper.xyz\/saderma-old\/?post_type=product&#038;p=5166"},"modified":"2024-05-06T17:15:47","modified_gmt":"2024-05-06T22:15:47","slug":"kit-hidratacion-y-prevencion-para-pieles-secas","status":"publish","type":"product","link":"https:\/\/pruebaswhisper.xyz\/saderma-old\/producto\/kit-hidratacion-y-prevencion-para-pieles-secas\/","title":{"rendered":"KIT HIDRATACI\u00d3N Y PREVENCI\u00d3N PARA PIELES SECAS"},"content":{"rendered":"<p>KIT HIDRATACI\u00d3N Y PREVENCI\u00d3N PARA PIELES SECAS\ud83d\udca6<\/p>\n<p>Mejora la apariencia de la piel seca o da\u00f1ada\ud83d\udca7, reduciendo la descamaci\u00f3n,restaurando su flexibilidad, luminosidad y aportando hidrataci\u00f3n \ud83d\udca6<\/p>\n<p>\u2705SANDET: Todo tipo de Piel: elaborado a base de extractos naturales que remueven de forma segura las impurezas, excesos de grasa y c\u00e9lulas muertas de la piel sin alterar el manto lip\u00eddico.<\/p>\n<p>\u2705TENSODERM: Rellena las arrugas desde el interior, tanto en la frente como en el contorno de los ojos.<\/p>\n<p>\u2705HYDERM ADVANCE: S\u00e9rum hidratante, con \u00e1cido hialur\u00f3nico. Aumentando la capacidad de retenci\u00f3n de humedad asegura una hidrataci\u00f3n sostenida durante 48 Horas.<\/p>\n<p>\u2705HYLUM C: S\u00e9rum facial antioxidante con vitamina C<br \/>\nPreviene la p\u00e9rdida de elasticidad de las fibras d\u00e9rmicas del rostro. Ideal para pieles irregulares con p\u00e9rdida de firmeza y luminosidad.<\/p>\n","protected":false},"excerpt":{"rendered":"<p>KIT HIDRATACI\u00d3N Y PREVENCI\u00d3N PARA PIELES SECAS\ud83d\udca6 Mejora la apariencia de la piel seca o da\u00f1ada\ud83d\udca7, reduciendo la descamaci\u00f3n,restaurando su flexibilidad, luminosidad y aportando hidrataci\u00f3n \ud83d\udca6 \u2705SANDET: Todo tipo de Piel: elaborado a base de extractos naturales que remueven de forma segura las impurezas, excesos de grasa y c\u00e9lulas muertas de la piel sin alterar [&hellip;]<\/p>\n","protected":false},"featured_media":5167,"template":"","meta":{"_acf_changed":false},"product_cat":[21,27,24,34],"product_tag":[],"acf":[],"yoast_head":"<!-- This site is optimized with the Yoast SEO plugin v22.9 - https:\/\/yoast.com\/wordpress\/plugins\/seo\/ -->\n<title>KIT HIDRATACI\u00d3N Y PREVENCI\u00d3N PARA PIELES SECAS - Saderma Laboratorio Dermatologico<\/title>\n<meta name=\"robots\" content=\"noindex, follow, max-snippet:-1, max-image-preview:large, max-video-preview:-1\" \/>\n<meta property=\"og:locale\" content=\"es_ES\" \/>\n<meta property=\"og:type\" content=\"article\" \/>\n<meta property=\"og:title\" content=\"KIT HIDRATACI\u00d3N Y PREVENCI\u00d3N PARA PIELES SECAS - Saderma Laboratorio Dermatologico\" \/>\n<meta property=\"og:description\" content=\"KIT HIDRATACI\u00d3N Y PREVENCI\u00d3N PARA PIELES SECAS\ud83d\udca6 Mejora la apariencia de la piel seca o da\u00f1ada\ud83d\udca7, reduciendo la descamaci\u00f3n,restaurando su flexibilidad, luminosidad y aportando hidrataci\u00f3n \ud83d\udca6 \u2705SANDET: Todo tipo de Piel: elaborado a base de extractos naturales que remueven de forma segura las impurezas, excesos de grasa y c\u00e9lulas muertas de la piel sin alterar [&hellip;]\" \/>\n<meta property=\"og:url\" content=\"https:\/\/pruebaswhisper.xyz\/saderma-old\/producto\/kit-hidratacion-y-prevencion-para-pieles-secas\/\" \/>\n<meta property=\"og:site_name\" content=\"Saderma Laboratorio Dermatologico\" \/>\n<meta property=\"article:modified_time\" content=\"2024-05-06T22:15:47+00:00\" \/>\n<meta property=\"og:image\" content=\"https:\/\/pruebaswhisper.xyz\/saderma-old\/wp-content\/uploads\/2024\/03\/1-Parrilla-PostMarzo2024_SADERMA.png\" \/>\n\t<meta property=\"og:image:width\" content=\"1080\" \/>\n\t<meta property=\"og:image:height\" content=\"1080\" \/>\n\t<meta property=\"og:image:type\" content=\"image\/png\" \/>\n<meta name=\"twitter:card\" content=\"summary_large_image\" \/>\n<meta name=\"twitter:label1\" content=\"Tiempo de lectura\" \/>\n\t<meta name=\"twitter:data1\" content=\"1 minuto\" \/>\n<script type=\"application\/ld+json\" class=\"yoast-schema-graph\">{\"@context\":\"https:\/\/schema.org\",\"@graph\":[{\"@type\":\"WebPage\",\"@id\":\"https:\/\/pruebaswhisper.xyz\/saderma-old\/producto\/kit-hidratacion-y-prevencion-para-pieles-secas\/\",\"url\":\"https:\/\/pruebaswhisper.xyz\/saderma-old\/producto\/kit-hidratacion-y-prevencion-para-pieles-secas\/\",\"name\":\"KIT HIDRATACI\u00d3N Y PREVENCI\u00d3N PARA PIELES SECAS - Saderma Laboratorio Dermatologico\",\"isPartOf\":{\"@id\":\"https:\/\/pruebaswhisper.xyz\/saderma-old\/#website\"},\"primaryImageOfPage\":{\"@id\":\"https:\/\/pruebaswhisper.xyz\/saderma-old\/producto\/kit-hidratacion-y-prevencion-para-pieles-secas\/#primaryimage\"},\"image\":{\"@id\":\"https:\/\/pruebaswhisper.xyz\/saderma-old\/producto\/kit-hidratacion-y-prevencion-para-pieles-secas\/#primaryimage\"},\"thumbnailUrl\":\"https:\/\/pruebaswhisper.xyz\/saderma-old\/wp-content\/uploads\/2024\/03\/1-Parrilla-PostMarzo2024_SADERMA.png\",\"datePublished\":\"2024-03-18T17:05:46+00:00\",\"dateModified\":\"2024-05-06T22:15:47+00:00\",\"breadcrumb\":{\"@id\":\"https:\/\/pruebaswhisper.xyz\/saderma-old\/producto\/kit-hidratacion-y-prevencion-para-pieles-secas\/#breadcrumb\"},\"inLanguage\":\"es\",\"potentialAction\":[{\"@type\":\"ReadAction\",\"target\":[\"https:\/\/pruebaswhisper.xyz\/saderma-old\/producto\/kit-hidratacion-y-prevencion-para-pieles-secas\/\"]}]},{\"@type\":\"ImageObject\",\"inLanguage\":\"es\",\"@id\":\"https:\/\/pruebaswhisper.xyz\/saderma-old\/producto\/kit-hidratacion-y-prevencion-para-pieles-secas\/#primaryimage\",\"url\":\"https:\/\/pruebaswhisper.xyz\/saderma-old\/wp-content\/uploads\/2024\/03\/1-Parrilla-PostMarzo2024_SADERMA.png\",\"contentUrl\":\"https:\/\/pruebaswhisper.xyz\/saderma-old\/wp-content\/uploads\/2024\/03\/1-Parrilla-PostMarzo2024_SADERMA.png\",\"width\":1080,\"height\":1080},{\"@type\":\"BreadcrumbList\",\"@id\":\"https:\/\/pruebaswhisper.xyz\/saderma-old\/producto\/kit-hidratacion-y-prevencion-para-pieles-secas\/#breadcrumb\",\"itemListElement\":[{\"@type\":\"ListItem\",\"position\":1,\"name\":\"Portada\",\"item\":\"https:\/\/pruebaswhisper.xyz\/saderma-old\/\"},{\"@type\":\"ListItem\",\"position\":2,\"name\":\"Tienda\",\"item\":\"https:\/\/pruebaswhisper.xyz\/saderma-old\/tienda-laboratorio-dermatologico\/\"},{\"@type\":\"ListItem\",\"position\":3,\"name\":\"KIT HIDRATACI\u00d3N Y PREVENCI\u00d3N PARA PIELES SECAS\"}]},{\"@type\":\"WebSite\",\"@id\":\"https:\/\/pruebaswhisper.xyz\/saderma-old\/#website\",\"url\":\"https:\/\/pruebaswhisper.xyz\/saderma-old\/\",\"name\":\"Saderma Laboratorio Dermatologico\",\"description\":\"Saderma Skin care Productos para el cuidado de la piel , cremas antiedad  y anti manchas Newderm con vitamina c cremas hidratantes  con acido Hialuronico Hyderm, protector solar Sunfeel ,Contorno de ojos anti arrugas Tensoderm\",\"publisher\":{\"@id\":\"https:\/\/pruebaswhisper.xyz\/saderma-old\/#organization\"},\"potentialAction\":[{\"@type\":\"SearchAction\",\"target\":{\"@type\":\"EntryPoint\",\"urlTemplate\":\"https:\/\/pruebaswhisper.xyz\/saderma-old\/?s={search_term_string}\"},\"query-input\":\"required name=search_term_string\"}],\"inLanguage\":\"es\"},{\"@type\":\"Organization\",\"@id\":\"https:\/\/pruebaswhisper.xyz\/saderma-old\/#organization\",\"name\":\"Saderma Laboratorio Dermatologico\",\"url\":\"https:\/\/pruebaswhisper.xyz\/saderma-old\/\",\"logo\":{\"@type\":\"ImageObject\",\"inLanguage\":\"es\",\"@id\":\"https:\/\/pruebaswhisper.xyz\/saderma-old\/#\/schema\/logo\/image\/\",\"url\":\"https:\/\/pruebaswhisper.xyz\/saderma-old\/wp-content\/uploads\/2020\/03\/cropped-logo-300.png\",\"contentUrl\":\"https:\/\/pruebaswhisper.xyz\/saderma-old\/wp-content\/uploads\/2020\/03\/cropped-logo-300.png\",\"width\":333,\"height\":78,\"caption\":\"Saderma Laboratorio Dermatologico\"},\"image\":{\"@id\":\"https:\/\/pruebaswhisper.xyz\/saderma-old\/#\/schema\/logo\/image\/\"}}]}<\/script>\n<!-- \/ Yoast SEO plugin. -->","yoast_head_json":{"title":"KIT HIDRATACI\u00d3N Y PREVENCI\u00d3N PARA PIELES SECAS - Saderma Laboratorio Dermatologico","robots":{"index":"noindex","follow":"follow","max-snippet":"max-snippet:-1","max-image-preview":"max-image-preview:large","max-video-preview":"max-video-preview:-1"},"og_locale":"es_ES","og_type":"article","og_title":"KIT HIDRATACI\u00d3N Y PREVENCI\u00d3N PARA PIELES SECAS - Saderma Laboratorio Dermatologico","og_description":"KIT HIDRATACI\u00d3N Y PREVENCI\u00d3N PARA PIELES SECAS\ud83d\udca6 Mejora la apariencia de la piel seca o da\u00f1ada\ud83d\udca7, reduciendo la descamaci\u00f3n,restaurando su flexibilidad, luminosidad y aportando hidrataci\u00f3n \ud83d\udca6 \u2705SANDET: Todo tipo de Piel: elaborado a base de extractos naturales que remueven de forma segura las impurezas, excesos de grasa y c\u00e9lulas muertas de la piel sin alterar [&hellip;]","og_url":"https:\/\/pruebaswhisper.xyz\/saderma-old\/producto\/kit-hidratacion-y-prevencion-para-pieles-secas\/","og_site_name":"Saderma Laboratorio Dermatologico","article_modified_time":"2024-05-06T22:15:47+00:00","og_image":[{"width":1080,"height":1080,"url":"https:\/\/pruebaswhisper.xyz\/saderma-old\/wp-content\/uploads\/2024\/03\/1-Parrilla-PostMarzo2024_SADERMA.png","type":"image\/png"}],"twitter_card":"summary_large_image","twitter_misc":{"Tiempo de lectura":"1 minuto"},"schema":{"@context":"https:\/\/schema.org","@graph":[{"@type":"WebPage","@id":"https:\/\/pruebaswhisper.xyz\/saderma-old\/producto\/kit-hidratacion-y-prevencion-para-pieles-secas\/","url":"https:\/\/pruebaswhisper.xyz\/saderma-old\/producto\/kit-hidratacion-y-prevencion-para-pieles-secas\/","name":"KIT HIDRATACI\u00d3N Y PREVENCI\u00d3N PARA PIELES SECAS - Saderma Laboratorio Dermatologico","isPartOf":{"@id":"https:\/\/pruebaswhisper.xyz\/saderma-old\/#website"},"primaryImageOfPage":{"@id":"https:\/\/pruebaswhisper.xyz\/saderma-old\/producto\/kit-hidratacion-y-prevencion-para-pieles-secas\/#primaryimage"},"image":{"@id":"https:\/\/pruebaswhisper.xyz\/saderma-old\/producto\/kit-hidratacion-y-prevencion-para-pieles-secas\/#primaryimage"},"thumbnailUrl":"https:\/\/pruebaswhisper.xyz\/saderma-old\/wp-content\/uploads\/2024\/03\/1-Parrilla-PostMarzo2024_SADERMA.png","datePublished":"2024-03-18T17:05:46+00:00","dateModified":"2024-05-06T22:15:47+00:00","breadcrumb":{"@id":"https:\/\/pruebaswhisper.xyz\/saderma-old\/producto\/kit-hidratacion-y-prevencion-para-pieles-secas\/#breadcrumb"},"inLanguage":"es","potentialAction":[{"@type":"ReadAction","target":["https:\/\/pruebaswhisper.xyz\/saderma-old\/producto\/kit-hidratacion-y-prevencion-para-pieles-secas\/"]}]},{"@type":"ImageObject","inLanguage":"es","@id":"https:\/\/pruebaswhisper.xyz\/saderma-old\/producto\/kit-hidratacion-y-prevencion-para-pieles-secas\/#primaryimage","url":"https:\/\/pruebaswhisper.xyz\/saderma-old\/wp-content\/uploads\/2024\/03\/1-Parrilla-PostMarzo2024_SADERMA.png","contentUrl":"https:\/\/pruebaswhisper.xyz\/saderma-old\/wp-content\/uploads\/2024\/03\/1-Parrilla-PostMarzo2024_SADERMA.png","width":1080,"height":1080},{"@type":"BreadcrumbList","@id":"https:\/\/pruebaswhisper.xyz\/saderma-old\/producto\/kit-hidratacion-y-prevencion-para-pieles-secas\/#breadcrumb","itemListElement":[{"@type":"ListItem","position":1,"name":"Portada","item":"https:\/\/pruebaswhisper.xyz\/saderma-old\/"},{"@type":"ListItem","position":2,"name":"Tienda","item":"https:\/\/pruebaswhisper.xyz\/saderma-old\/tienda-laboratorio-dermatologico\/"},{"@type":"ListItem","position":3,"name":"KIT HIDRATACI\u00d3N Y PREVENCI\u00d3N PARA PIELES SECAS"}]},{"@type":"WebSite","@id":"https:\/\/pruebaswhisper.xyz\/saderma-old\/#website","url":"https:\/\/pruebaswhisper.xyz\/saderma-old\/","name":"Saderma Laboratorio Dermatologico","description":"Saderma Skin care Productos para el cuidado de la piel , cremas antiedad  y anti manchas Newderm con vitamina c cremas hidratantes  con acido Hialuronico Hyderm, protector solar Sunfeel ,Contorno de ojos anti arrugas Tensoderm","publisher":{"@id":"https:\/\/pruebaswhisper.xyz\/saderma-old\/#organization"},"potentialAction":[{"@type":"SearchAction","target":{"@type":"EntryPoint","urlTemplate":"https:\/\/pruebaswhisper.xyz\/saderma-old\/?s={search_term_string}"},"query-input":"required name=search_term_string"}],"inLanguage":"es"},{"@type":"Organization","@id":"https:\/\/pruebaswhisper.xyz\/saderma-old\/#organization","name":"Saderma Laboratorio Dermatologico","url":"https:\/\/pruebaswhisper.xyz\/saderma-old\/","logo":{"@type":"ImageObject","inLanguage":"es","@id":"https:\/\/pruebaswhisper.xyz\/saderma-old\/#\/schema\/logo\/image\/","url":"https:\/\/pruebaswhisper.xyz\/saderma-old\/wp-content\/uploads\/2020\/03\/cropped-logo-300.png","contentUrl":"https:\/\/pruebaswhisper.xyz\/saderma-old\/wp-content\/uploads\/2020\/03\/cropped-logo-300.png","width":333,"height":78,"caption":"Saderma Laboratorio Dermatologico"},"image":{"@id":"https:\/\/pruebaswhisper.xyz\/saderma-old\/#\/schema\/logo\/image\/"}}]}},"_links":{"self":[{"href":"https:\/\/pruebaswhisper.xyz\/saderma-old\/wp-json\/wp\/v2\/product\/5166"}],"collection":[{"href":"https:\/\/pruebaswhisper.xyz\/saderma-old\/wp-json\/wp\/v2\/product"}],"about":[{"href":"https:\/\/pruebaswhisper.xyz\/saderma-old\/wp-json\/wp\/v2\/types\/product"}],"wp:featuredmedia":[{"embeddable":true,"href":"https:\/\/pruebaswhisper.xyz\/saderma-old\/wp-json\/wp\/v2\/media\/5167"}],"wp:attachment":[{"href":"https:\/\/pruebaswhisper.xyz\/saderma-old\/wp-json\/wp\/v2\/media?parent=5166"}],"wp:term":[{"taxonomy":"product_cat","embeddable":true,"href":"https:\/\/pruebaswhisper.xyz\/saderma-old\/wp-json\/wp\/v2\/product_cat?post=5166"},{"taxonomy":"product_tag","embeddable":true,"href":"https:\/\/pruebaswhisper.xyz\/saderma-old\/wp-json\/wp\/v2\/product_tag?post=5166"}],"curies":[{"name":"wp","href":"https:\/\/api.w.org\/{rel}","templated":true}]}}